a multiple of 1215?
True
Is 246 a factor of 58730?
False
Is 9 a factor of 141959?
False
Does 27 divide 55364?
False
Does 266 divide 79625?
False
Is 6464 a multiple of 26?
False
Is 2172164 a multiple of 270?
False
Is 2181128 a multiple of 6?
False
Is 51 a factor of 8784189?
True
Is 429 a factor of 2697133?
False
Is 273 a factor of 1805223?
False
Is 25659 a multiple of 9?
True
Does 29 divide 7697493?
False
Does 19 divide 206565?
False
Is 215 a factor of 407425?
True
Does 65 divide 185380?
True
Does 36 divide 390952?
False
Is 25 even?
False
Is 6 a factor of 1765884?
True
Is 260176 a multiple of 56?
True
Does 1122 divide 139278?
False
Does 70 divide 312410?
True
Is 17 a factor of 3552575?
True
Does 18 divide 55310?
False
Does 75 divide 2729109?
False
Is 254 a factor of 443552?
False
Is 241 a factor of 1335285?
False
Is 8 a factor of 152026?
False
Is 5 a factor of 28870?
True
Is 24 a factor of 1449264?
True
Is 209142 a multiple of 10?
False
Is 11 a factor of 964744?
True
Is 79058 a multiple of 7?
True
Is 8851392 a multiple of 1143?
True
Does 53 divide 84323?
True
Is 9 a factor of 98361?
True
Is 30 a factor of 133851?
False
Is 120 a factor of 1865704?
False
Does 31 divide 2546681?
True
Does 38 divide 87583?
False
Is 100552 a multiple of 37?
False
Is 15 a factor of 600?
True
Is 361 a factor of 1462772?
True
Is 59585 a multiple of 85?
True
Is 186 a factor of 676482?
True
Is 180269 a multiple of 71?
True
Is 60 a factor of 187980?
True
Does 94 divide 1089648?
True
Is 16 a factor of 571360?
True
Is 28980 a multiple of 42?
True
Is 5144623 a multiple of 51?
False
Is 89 a factor of 518465?
False
Is 257056 a multiple of 29?
True
Is 9235200 a multiple of 48?
True
Does 39 divide 51476?
False
Does 14 divide 15519?
False
Is 134504 a multiple of 46?
True
Does 570 divide 8458800?
True
Does 81 divide 427953?
False
Is 123 a factor of 186960?
True
Does 37 divide 601307?
False
Does 36 divide 285408?
True
Does 310 divide 472977?
False
Is 7350966 a multiple of 378?
True
Does 9 divide 625015?
False
Is 1692 a factor of 18463512?
False
Is 2089872 a multiple of 16?
True
Does 97 divide 151781?
False
Is 9 a factor of 640150?
False
Does 16 divide 4125824?
True
Is 26 a factor of 754411?
False
Does 304 divide 844377?
False
Is 9750906 a multiple of 11?
True
Is 112 a factor of 1169783?
False
Does 4 divide 21524?
True
Is 359 a factor of 133548?
True
Is 699696 a multiple of 36?
True
Is 9 a factor of 11907?
True
Is 367712 a multiple of 22?
False
Is 280 a factor of 838084?
False
Is 197405 a multiple of 4?
False
Is 107311 a multiple of 311?
False
Does 47 divide 5155?
False
Is 782969 a multiple of 147?
False
Is 251514 a multiple of 89?
True
Does 23 divide 3025627?
True
Is 1986425 a multiple of 37?
False
Does 79 divide 445791?
False
Does 35 divide 1183000?
True
Is 247 a factor of 16091284?
False
Is 800100 a multiple of 508?
True
Does 6 divide 87005?
False
Is 213 a factor of 212361?
True
Is 33 a factor of 728720?
False
Does 31 divide 353357?
False
Is 47 a factor of 2479062?
True
Is 170 a factor of 492352?
False
Does 188 divide 6784544?
True
Is 109152 a multiple of 8?
True
Is 78 a factor of 4205178?
False
Does 282 divide 238854?
True
Is 8646232 a multiple of 28?
True
Does 16 divide 17455?
False
Is 175 a factor of 1148000?
True
Does 206 divide 1755944?
True
Does 3 divide 9629?
False
Is 555 a factor of 407925?
True
Is 867 a factor of 849660?
True
Is 73 a factor of 1560367?
False
Does 46 divide 36386?
True
Is 699 a factor of 170770?
False
Is 3270 a multiple of 15?
True
Is 99911 a multiple of 32?
False
Is 278370 a multiple of 6?
True
Is 169 a factor of 364533?
True
Is 35 a factor of 2846270?
True
Is 3079362 a multiple of 814?
True
Is 551 a factor of 403400?
False
Is 585400 a multiple of 25?
True
Is 162 a factor of 4735422?
True
Does 51 divide 3537615?
True
Is 93 a factor of 100998?
True
Is 27 a factor of 117761?
False
Is 483626 a multiple of 19?
True
Is 247 a factor of 9692527?
True
Does 207 divide 11235948?
False
Does 43 divide 326857?
False
Is 40 a factor of 828640?
True
Is 2017 a factor of 714102?
False
Does 7 divide 5442134?
False
Does 9 divide 89892?
True
Is 126369 a multiple of 15?
False
Does 12 divide 3362472?
True
Is 6248484 a multiple of 9?
True
Does 10 divide 680416?
False
Is 487260 a multiple of 18?
True
Is 486976 a multiple of 128?
False
Is 25 a factor of 2775450?
True
Is 1558345 a multiple of 219?
False
Is 250419 a multiple of 12?
False
Is 173 a factor of 9619?
False
Does 4 divide 211581?
False
Does 250 divide 204432?
False
Is 1908882 a multiple of 9?
True
Is 1138374 a multiple of 54?
True
Is 307554 a multiple of 4?
False
Is 67 a factor of 8061105?
True
Is 120 a factor of 314760?
True
Is 50 a factor of 10640600?
True
Is 25 a factor of 36625?
True
Is 138 a factor of 469572?
False
Is 38433 a multiple of 26?
False
Is 13 a factor of 938106?
True
Is 3846438 a multiple of 399?
False
Is 4 a factor of 216300?
True
Does 38 divide 1269558?
False
Is 936157 a multiple of 4?
False
Is 95830 a multiple of 70?
True
Does 87 divide 394632?
True
Is 100 a factor of 79906?
False
Is 17 a factor of 23461?
False
Does 433 divide 1401639?
False
Is 151 a factor of 98276?
False
Does 255 divide 570898?
False
Does 326 divide 475960?
True
Does 19 divide 98178?
False
Is 7 a factor of 2463636?
True
Is 161 a factor of 10160739?
False
Is 14978310 a multiple of 55?
False
Is 93685 a multiple of 205?
True
Is 17812830 a multiple of 105?
True
Does 9 divide 83169?
True
Does 12 divide 131159?
False
Is 755 a factor of 633339?
False
Is 7 a factor of 24833?
False
Does 276 divide 544415?
False
Is 11206 a multiple of 26?
True
Is 6 a factor of 160482?
True
Is 21830 a multiple of 74?
True
Is 203 a factor of 68005?
True
Is 3077870 a multiple of 19?
False
Does 68 divide 221773?
False
Is 736 a factor of 2588495?
False
Is 45 a factor of 2630?
False
Is 46 a factor of 27784?
True
Is 190 a factor of 6797250?
True
Is 2834300 a multiple of 175?
True
Is 11 a factor of 1106946?
False
Does 13 divide 196936?
False
Does 13 divide 868309?
True
Does 107 divide 602264?
False
Does 72 divide 552882?
False
Is 14 a factor of 320761?
False
Does 11 divide 17038?
False
Is 48 a factor of 353232?
True
Is 2 a factor of 230263?
False
Does 229 divide 4543?
False
Is 775764 a multiple of 11?
True
Does 201 divide 11859?
True
Is 4 a factor of 30149?
False
Is 247746 a multiple of 314?
True
Does 328 divide 474944?
True
Is 8 a factor of 420072?
True
Is 88595 a multiple of 235?
True
Is 1558706 even?
True
Is 5335219 a multiple of 240?
False
Is 123368 a multiple of 8?
True
Is 145999 even?
False
Does 166 divide 183656?
False
Is 10 a factor of 786340?
True
Does 85 divide 185130?
True
Is 5798323 a multiple of 349?
False
Is 18 a factor of 613350?
True
Does 25 divide 5595823?
False
Is 26928 a multiple of 561?
True
Is 27204 a multiple of 41?
False
Does 14 divide 29726214?
True
Is 12798048 a multiple of 48?
True
Is 73 a factor of 378289?
False
Is 1546106 a multiple of 58?
True
Is 62556 a multiple of 57?
False
Does 31 divide 224657?
True
Does 53 divide 1500557?
False
Is 548100 a multiple of 105?
True
Is 15239 a multiple of 14?
False
Is 154 a factor of 108108?
True
Does 134 divide 200934?
False
Is 909184 a multiple of 240?
False
Is 597583 a multiple of 4?
False
Is 15 a factor of 443961?
False
Is 228 a factor of 224513?
False
Does 14 divide 1104572?
True
Is 50 a factor of 109400?
True
Is 203 a factor of 145957?
True
Does 37 divide 207533?
True
Does 85 divide 195937?
False
Does 291 divide 559204?
False
Is 3 a factor of 96448?
False
Does 4 divide 47744?
True
Is 693 a factor of 363132?
True
Does 27 divide 25145154?
True
Does 3 divide 185334?
True
Does 87 divide 16196?
False
Is 67776 a multiple of 100?
False
Is 840720 a multiple of 20?
True
Does 155 divide 183133?
False
Does 46 divide 56445?
False
Is 284 a factor of 41464?
True
Does 20 divide 474128?
False
Is 759319 a multiple of 4?
False
Is 64654 a multiple of 28?
False
Is 56 a factor of 518952?
True
Is 659610 a multiple of 30?
True
Does 10 divide 194123?
False
Is 2246916 a multiple of 28?
True
Is 7665123 a multiple of 175?
False
Does 409 divide 309204?
True
Is 20790656 a multiple of 547?
False
Does 2 divide 13579?
False
Is 74214 a multiple of 10?
False
Does 237 divide 1559223?
True
Is 13 a factor of 19924?
False
Is 5 a fact